tors of s?
2, 3
Suppose 0 = 2*b - 2*k + 14, 2*b + 7 = -2*k - 15. List the prime factors of 38 + b/(6/(-2)).
41
Suppose 0 = -5*v + 3*d + 16, 7*v + 2 = 4*v - 4*d. Suppose -12 = -a - v*a. List the prime factors of a.
2
Suppose q = -2*s + 13, 4*q - 73 = s + 6. What are the prime factors of q?
19
Let x(s) be the third derivative of -1/6*s**3 - 1/6*s**4 + 2*s**2 + 1/120*s**6 + 0 - 1/12*s**5 + 0*s. List the prime factors of x(6).
11
Suppose -4*v = v. Suppose 3*u + v = 3. List the prime factors of u*3/(3/13).
13
Let j(u) = 23*u**2 - u - 5. List the prime factors of j(-2).
89
Let l(w) = -3*w - 35*w**2 - 1 + 37*w**2 + 0*w. List the prime factors of l(3).
2
Suppose -4*c - 5*t + 31 = 0, 37 = c - 5*t - 2. Let q be (-1)/((1/c)/(-1)). List the prime factors of (q/(-3))/((-2)/3).
7
Suppose -4*k + 122 = -150. What are the prime factors of k?
2, 17
Let j = -36 + 43. What are the prime factors of j?
7
Suppose 2*m - 78 = m. Suppose 5*c - o = m, 3*c - 42 = c + 4*o. What are the prime factors of c?
3, 5
Let h = 4 + -2. Suppose -h*b + 6 - 5 = -x, 4*x + 28 = -4*b. What are the prime factors of 2*(-5)/(-2) + b?
3
Let t(q) = 2*q**2 + 8*q - 7. List the prime factors of t(-8).
3, 19
Suppose -17*s + 2638 = -1578. List the prime factors of s.
2, 31
Let y(g) = 2*g - 9. Let i be y(7). Let q = i - 2. Let d = q - -3. What are the prime factors of d?
2, 3
Suppose 0 = 4*m + 5*w - 625, w + 7 - 4 = 0. List the prime factors of m.
2, 5
Suppose -4*k + 5*r + 384 = 0, -4*k + 396 = -2*r - 0*r. List the prime factors of k.
101
Let b = -17 + 127. List the prime factors of b.
2, 5, 11
Let b = 10 + -8. Suppose -106 = -b*g - 14. List the prime factors of g.
2, 23
Let z be (-6)/(-10) + 148/20. Suppose -2*f + o + z = 0, 2*f + f = -3*o + 30. List the prime factors of f.
2, 3
What are the prime factors of 10*3/(60/16)?
2
Suppose -3*m - 6 = 2*y, 0 = 2*m - 0*y - 3*y - 9. Suppose m = l - 5*a - 30, 3*l = -0*l - a + 26. What are the prime factors of l?
2, 5
Let f(k) = 0 + 17*k + 0 + 3*k - 3. List the prime factors of f(3).
3, 19
Let t(r) = 3 - 2*r**2 + r**3 + 0 + 0*r**3 - 2. What are the prime factors of t(3)?
2, 5
Suppose 0 = -7*o + 2*o + 190. What are the prime factors of o?
2, 19
Suppose -5*p - 1 = -21. List the prime factors of p.
2
Let q = 5 + -1. Suppose q*i - x - 51 = 0, 5*x - 2 = -i + 16. List the prime factors of i.
13
Suppose 8 = -a + 2*v, -12 = -3*a - 4*v + 4. List the prime factors of a*4/16 - -39.
3, 13
Suppose 3*a = 5*c - 26, -3*c + 4*a + 16 = -c. List the prime factors of (-52)/(-2)*2/c.
13
Let d = -269 - -530. List the prime factors of d.
3, 29
Let o(q) = q + 2. Suppose -f - 39 = -5*v, -v = v + 2*f - 18. Suppose 0 = p + 3*d + 2*d - 25, 2*d = v. List the prime factors of o(p).
7
Suppose -5*t - 167 = -2*h, -162 = -5*h + 3*h + 4*t. What are the prime factors of h?
71
Let p(t) = 2*t - 9. Let d be p(6). Suppose 2*b = -3*q + 91, d*b + 0*b + 5*q - 136 = 0. Let l = -33 + b. List the prime factors of l.
2, 7
Let u be (3 - (-3)/(-1)) + -2. Let n = u + 5. What are the prime factors of n?
3
Let o = 8 - 4. Suppose -2*k + 0 + o = 0. What are the prime factors of (5/k)/((-3)/(-12))?
2, 5
Suppose 5*h + 0*n + n = -312, 0 = h + 4*n + 70. Let a = h - -115. List the prime factors of a.
53
Suppose -6*m = -2*m. What are the prime factors of (m + 2 - 3) + 9?
2
Let n(h) be the first derivative of h**3/3 + 7*h**2 + 18*h - 1. What are the prime factors of n(-13)?
5
Suppose 5*t - t - 23 = -y, 3*t + 69 = 3*y. Suppose -y - 1 = -2*j. List the prime factors of j.
2, 3
Let b = -50 + 86. List the prime factors of b.
2, 3
Let p be 0 - ((-2)/(-2) - 44). Let z = -21 + p. What are the prime factors of (-2)/(-11) - (-150)/z?
7
Suppose -3*f - t = 16 - 6, 22 = -5*f - 3*t. List the prime factors of ((-7)/2 + 0)*f.
7
Suppose q = -5*j + 9, 5*j - j + 12 = 4*q. Let r be ((-9)/18)/((-2)/12). Suppose 11 = -q*p - 5*s + 44, -r*p + 20 = -s. What are the prime factors of p?
7
Suppose j + 0 = 2. Let r = j - -9. What are the prime factors of r?
11
Suppose 0 = 3*v + 9, 4*x = 4*v - 16 - 20. What are the prime factors of (-7)/(-14)*x/(-1)?
2, 3
Let q = 7 - 4. Suppose 1 = 4*m - 3. What are the prime factors of 11*(-1 + (q - m))?
11
Let l(c) = c**3 + 20*c**2 - 4*c - 62. What are the prime factors of l(-20)?
2, 3
Let c = -87 + 123. What are the prime factors of c?
2, 3
Let k = 6 + 2. Let b = -13 + 16. Suppose -5*v + 2*w = -b*w, 0 = -5*v + 3*w + k. What are the prime factors of v?
2
List the prime factors of -2 - (-33)/18 - (-326)/12.
3
Let z = 5 + -2. Let y = z + 1. Suppose 0*f + 20 = y*f. What are the prime factors of f?
5
Suppose -4*a + 13 = -5*f, a + 3*f + 11 = 5*a. Let o = a - -3. Suppose -o*v + 20 = -0*v. What are the prime factors of v?
2
Let q(g) = 3*g - 5. Let u be q(5). Let m be (-321)/(-15) - 4/u. Suppose 2*l = x - m, -4*l = 4*x - 8 - 16. List the prime factors of x.
11
Let g = -150 + 257. List the prime factors of g.
107
Let r = -8 - -4. Let l be 132/16 - 3/r. Suppose -4*h + l = -h. List the prime factors of h.
3
Let s = 9 + -6. Let h be (1*-8)/(1 - s). Suppose 0 = h*f + 3*g - 78, 3*g = 2*f - f - 27. List the prime factors of f.
3, 7
Let b be ((-3)/2 - -3)*4. Let v be (-3)/((b/(-8))/(-1)). Let d = 3 - v. List the prime factors of d.
7
What are the prime factors of ((-206)/4)/(8/(-16))?
103
Let j(s) = -4*s**2 - 10*s - 4. Let d(u) = 5*u**2 + 11*u + 5. Let f(h) = 5*d(h) + 6*j(h). What are the prime factors of f(7)?
3, 5
Let j(x) = -2*x**2 + 3*x + 2. Let s be j(3). Let m = s - -11. What are the prime factors of m?
2
Suppose 0*g = 3*g. Suppose -171 + 6 = -5*t. Suppose g = -2*s - 5*f + t, 0*f = -2*s - f + 13. List the prime factors of s.
2
Let p = 9 - 9. Suppose p = d + 2*d - 2*n - 2, 0 = -5*d - 3*n + 35. Suppose 37 = d*t - 11. What are the prime factors of t?
2, 3
Let f(j) = -2 - 10*j + 3*j**2 + 9*j + 0 - 2*j**2. What are the prime factors of f(5)?
2, 3
What are the prime factors of 6/15 + (-952)/(-20)?
2, 3
Let u(i) = 2*i**2 - 11*i - 5. List the prime factors of u(10).
5, 17
Let q = 11 + -9. Suppose -q*u = -3*u + 3. What are the prime factors of u?
3
Let k(b) = -b**2 - 4*b - 7. Suppose 4*c + 4 = -16. Let d be k(c). Let g = 26 + d. List the prime factors of g.
2, 7
Suppose -2*l - 2*l = -8, 2*h - l = -2. Suppose h = 3*s + 12, 0*c + s + 64 = 5*c. List the prime factors of c.
2, 3
Let y(n) = 9*n + 26. List the prime factors of y(15).
7, 23
Suppose 2*q - 25 = a, 3 = a - 0. Suppose 4*j - q = -2. Suppose -5*m = -2*g - 0*g - 36, -3*g - j = m. List the prime factors of m.
2, 3
Let h(l) = -13*l - 5. Let i be (2/4)/((-6)/24). What are the prime factors of h(i)?
3, 7
Let o(v) = -v + 18. Let g = 7 - 7. List the prime factors of o(g).
2, 3
Suppose -2*a - b = 41 - 522, 4*a - b = 971. What are the prime factors of a?
2, 11
Let w(t) = 5*t**2 + 1. Suppose 5*x - 4 = x. What are the prime factors of w(x)?
2, 3
Suppose 0*y - y - 3 = -2*g, 4*y - 4 = 0. Let o be 0/2 - g/(-1). What are the prime factors of (0 - -1 - o) + 9?
2
List the prime factors of (-2)/(-10) - (-1032)/40.
2, 13
Let t = 8 + -5. Suppose t*p - 10 = 4*s - 2*s, -5*s - 8 = p. Suppose 2*c - 7*c - p*b = -62, 2*c + 3*b = 27. List the prime factors of c.
2, 3
Suppose -2*t = -3*f - 0*f - 19, 5*t = -2*f. Suppose -5*c + t*c = -66. What are the prime factors of c?
2, 11
Suppose 4*u + 0*t - 1748 = 4*t, -5*t = -2*u + 868. What are the prime factors of u?
439
Suppose 4*q - 5*n = 7*q - 662, -n = 4*q - 911. What are the prime factors of q?
229
Let t(o) = -13*o**2 + o + 9. Let b(c) = -7*c**2 + 4. Let v(f) = -5*b(f) + 2*t(f). Let w be v(-2). Suppose 0 = 4*j - j - w. List the prime factors of j.
2, 5
Let d(t) = -t**3 + 5*t**2 - 3*t. List the prime factors of d(4).
2
Suppose -2*o + 107 + 53 = 0. What are the prime factors of o?
2, 5
Let l = 2 + 37. What are the prime factors of l?
3, 13
Suppose 5*a - 19 = 2*j, 3*j - 7 = a - 3. Suppose a*x - 70 = 3*x. Suppose -t + x = 4*t. List the prime factors of t.
7
Suppose 5*m - 4*m = 56. Suppose -d - m = -3*d. List the prime factors of d.
2, 7
Let m = -10 + 7. Let s = m - -10. List the prime factors of s.
7
Let u be -1*-1*(4 - 0). Suppose 5*a + i = 3*i + 71, -u*i - 25 = -a. What are the prime factors of a?
13
Let p = -4 + 4. Suppose 3*y + 4*i = 53, -2*i + p*i - 11 = -y. Let f = y - 4. List the prime factors of f.
11
Suppose -2*v + 61 = -77. What are the prime factors